by 47.
16
What is the remainder when 236 is divided by 7?
5
Calculate the remainder when 152 is divided by 26.
22
Calculate the remainder when 157 is divided by 39.
1
What is the remainder when 57 is divided by 24?
9
Calculate the remainder when 9880 is divided by 61.
59
What is the remainder when 1178 is divided by 75?
53
Calculate the remainder when 1062 is divided by 265.
2
What is the remainder when 375 is divided by 42?
39
Calculate the remainder when 33 is divided by 12.
9
What is the remainder when 1390 is divided by 41?
37
What is the remainder when 35 is divided by 22?
13
Calculate the remainder when 710 is divided by 51.
47
Calculate the remainder when 164 is divided by 28.
24
Calculate the remainder when 1898 is divided by 135.
8
Calculate the remainder when 1891 is divided by 146.
139
What is the remainder when 187 is divided by 32?
27
What is the remainder when 543 is divided by 112?
95
Calculate the remainder when 1376 is divided by 189.
53
Calculate the remainder when 649 is divided by 26.
25
Calculate the remainder when 2487 is divided by 89.
84
What is the remainder when 473 is divided by 77?
11
What is the remainder when 18982 is divided by 84?
82
Calculate the remainder when 2374 is divided by 44.
42
What is the remainder when 1501 is divided by 24?
13
What is the remainder when 435 is divided by 54?
3
What is the remainder when 1692 is divided by 106?
102
Calculate the remainder when 448 is divided by 11.
8
What is the remainder when 1924 is divided by 23?
15
What is the remainder when 1795 is divided by 72?
67
Calculate the remainder when 854 is divided by 426.
2
What is the remainder when 3087 is divided by 181?
10
Calculate the remainder when 27700 is divided by 57.
55
What is the remainder when 443 is divided by 217?
9
What is the remainder when 122 is divided by 33?
23
Calculate the remainder when 222 is divided by 56.
54
Calculate the remainder when 1013 is divided by 29.
27
Calculate the remainder when 30496 is divided by 78.
76
What is the remainder when 5436 is divided by 85?
81
What is the remainder when 6713 is divided by 3347?
19
What is the remainder when 688 is divided by 98?
2
What is the remainder when 878 is divided by 156?
98
What is the remainder when 1785 is divided by 25?
10
What is the remainder when 2120 is divided by 28?
20
What is the remainder when 908 is divided by 38?
34
Calculate the remainder when 271 is divided by 16.
15
Calculate the remainder when 34 is divided by 23.
11
Calculate the remainder when 1842 is divided by 130.
22
What is the remainder when 116 is divided by 30?
26
What is the remainder when 1108 is divided by 30?
28
Calculate the remainder when 1868 is divided by 269.
254
Calculate the remainder when 199 is divided by 8.
7
What is the remainder when 176 is divided by 55?
11
What is the remainder when 590 is divided by 299?
291
Calculate the remainder when 425 is divided by 219.
206
Calculate the remainder when 450 is divided by 23.
13
Calculate the remainder when 172 is divided by 161.
11
What is the remainder when 8998 is divided by 100?
98
What is the remainder when 1535 is divided by 39?
14
Calculate the remainder when 517 is divided by 204.
109
What is the remainder when 647 is divided by 242?
163
What is the remainder when 192 is divided by 93?
6
What is the remainder when 1079 is divided by 40?
39
Calculate the remainder when 1151 is divided by 56.
31
Calculate the remainder when 523 is divided by 76.
67
Calculate the remainder when 67 is divided by 17.
16
What is the remainder when 739 is divided by 31?
26
What is the remainder when 159 is divided by 57?
45
Calculate the remainder when 1083 is divided by 69.
48
Calculate the remainder when 123 is divided by 106.
17
What is the remainder when 482 is divided by 21?
20
What is the remainder when 50 is divided by 21?
8
What is the remainder when 347 is divided by 61?
42
What is the remainder when 4913 is divided by 63?
62
What is the remainder when 1333 is divided by 29?
28
What is the remainder when 120 is divided by 42?
36
What is the remainder when 156 is divided by 89?
67
What is the remainder when 155 is divided by 42?
29
What is the remainder when 1725 is divided by 109?
90
What is the remainder when 182 is divided by 2?
0
What is the remainder when 1353 is divided by 226?
223
Calculate the remainder when 486 is divided by 3.
0
What is the remainder when 2881 is divided by 35?
11
What is the remainder when 187 is divided by 6?
1
What is the remainder when 2377 is divided by 104?
89
Calculate the remainder when 69 is divided by 24.
21
Calculate the remainder when 96 is divided by 63.
33
Calculate the remainder when 79 is divided by 69.
10
What is the remainder when 605 is divided by 152?
149
Calculate the remainder when 158 is divided by 6.
2
What is the remainder when 919 is divided by 22?
17
What is the remainder when 520 is divided by 156?
52
Calculate the remainder when 1144 is divided by 378.
10
Calculate the remainder when 3144 is divided by 17.
16
What is the remainder when 389 is divided by 172?
45
What is the remainder when 852 is divided by 283?
3
What is the remainder when 115 is divided by 38?
1
What is the remainder when 1658 is divided by 72?
2
Calculate the remainder when 706 is divided by 141.
1
What is the remainder when 27937 is divided by 61?
60
Calculate the remainder when 134 is divided by 63.
8
What is the remainder when 548 is divided by 79?
74
What is the remainder when 7102 is divided by 36?
10
What is the remainder when 11917 is divided by 137?
135
What is the remainder when 442 is divided by 102?
34
What is the remainder when 3308 is divided by 330?
8
What is the remainder when 1183 is divided by 15?
13
Calculate the remainder when 22 is divided by 6.
4
Calculate the remainder when 508 is divided by 8.
4
What is the remainder when 1538 is divided by 57?
56
What is the remainder when 159 is divided by 18?
15
Calculate the remainder when 8 is divided by 5.
3
What is the remainder when 1085 is divided by 64?
61
Calculate the remainder when 76 is divided by 73.
3
What is the remainder when 695 is divided by 52?
19
Calculate the remainder when 55 is divided by 21.
13
Calculate the remainder when 45 is divided by 8.
5
What is the remainder when 201 is divided by 101?
100
What is the remainder when 599 is divided by 50?
49
Calculate the remainder when 363 is divided by 6.
3
Calculate the remainder when 1939 is divided by 40.
19
What is the remainder when 26789 is divided by 30?
29
Calculate the remainder when 47 is divided by 21.
5
What is the remainder when 798 is divided by 257?
27
Calculate the remainder when 1187 is divided by 14.
11
What is the remainder when 344 is divided by 5?
4
What is the remainder when 2110 is divided by 12?
10
What is the remainder when 90 is divided by 33?
24
Calculate the remainder when 683 is divided by 19.
18
Calculate the remainder when 576 is divided by 17.
15
Calculate the remainder when 177 is divided by 37.
29
Calculate the remainder when 981 is divided by 123.
120
What is the remainder when 1366 is divided by 4?
2
Calculate the remainder when 432 is divided by 62.
60
What is the remainder when 101 is divided by 41?
19
What is the remainder when 448 is divided by 75?
73
Calculate the remainder when 264 is divided by 128.
8
Calculate the remainder when 1510 is divided by 746.
18
What is the remainder when 453 is divided by 229?
224
Calculate the remainder when 665 is divided by 130.
15
What is the remainder when 2238 is divided by 51?
45
Calculate the remainder when 39 is divided by 15.
9
What is the remainder when 36 is divided by 10?
6
What is the remainder when 134 is divided by 130?
4
What is the remainder when 1379 is divided by 114?
11
What is the remainder when 30 is divided by 11?
8
Calculate the remainder when 160 is divided by 89.
71
Calculate the remainder when 209 is divided by 14.
13
Calculate the remainder when 523 is divided by 40.
3
Calculate the remainder when 440 is divided by 22.
0
Calculate the remainder when 172 is divided by 20.
12
What is the remainder when 300 is divided by 34?
28
Calculate the remainder when 41 is divided by 11.
8
What is the remainder when 493 is divided by 84?
73
Calculate the remainder when 676 is divided by 242.
19